{"id":6466,"date":"2019-06-18T12:39:52","date_gmt":"2019-06-18T10:39:52","guid":{"rendered":"http:\/\/schilddruesenguide.de\/thyreoiditis\/?page_id=6466"},"modified":"2025-09-10T15:22:24","modified_gmt":"2025-09-10T13:22:24","slug":"schilddruesenspezialisten-postleitzahlengebiet-6-frankfurt-main-hanau-heidelberg-homburg-wiesbaden-worms-wuerzburg","status":"publish","type":"page","link":"https:\/\/schilddruesenguide.de\/thyreoiditis\/schilddruesenspezialisten-postleitzahlengebiet-6-frankfurt-main-hanau-heidelberg-homburg-wiesbaden-worms-wuerzburg\/","title":{"rendered":"Schilddr\u00fcsenspezialisten &#8211; Postleitzahlengebiet 6 &#8211; Frankfurt (Main), Hanau, Heidelberg, Homburg, Wiesbaden, Worms, W\u00fcrzburg"},"content":{"rendered":"<p>Im Rhein-Main-Gebiet finden Sie viele Spezialpraxen und Kliniken f\u00fcr Schilddr\u00fcsenerkrankungen. Diese Seite hilft Ihnen dabei, fundierte medizinische Hilfe in Ihrer N\u00e4he zu finden \u2013 f\u00fcr Diagnostik, Therapiebegleitung oder Nachsorge.<\/p>\n<h2>Schilddr\u00fcsenspezialisten<\/h2>\n<div style=\"font-size: 13px; color: #888;\">Premium-Eintrag (entgeltlich)<\/div>\n<p>&nbsp;<\/p>\n<hr \/>\n<h2><strong>Schilddr\u00fcsensprechstunden<\/strong><\/h2>\n<h2><strong>Schilddr\u00fcsenzentren<\/strong><\/h2>\n<h2><strong>Schilddr\u00fcsenchirurgie<\/strong><\/h2>\n<ul>\n<li>Agaplesion Elisabethenstift (<a href=\"http:\/\/www.agaplesion-elisabethenstift.de\/\">Darmstadt<\/a>). Von der Deutschen Gesellschaft f\u00fcr Allgemein- und Viszeralchirurgie als Kompetenzzentrum f\u00fcr Schilddr\u00fcsen- und Nebenschilddr\u00fcsenchirurgie zertifiziert.<\/li>\n<li>Universit\u00e4tsklinikum Heidelberg. Von der Deutschen Gesellschaft f\u00fcr Allgemein- und Viszeralchirurgie als Referenzzentrum f\u00fcr Endokrine Chirurgie zertifiziert.<\/li>\n<li>B\u00fcrgerhospital Frankfurt am Main Von der Deutschen Gesellschaft f\u00fcr Allgemein- und Viszeralchirurgie als Referenzzentrum f\u00fcr Schilddr\u00fcsen- und Nebenschilddr\u00fcsenchirurgie zertifiziert.<\/li>\n<li>Asklepios Klinik Seligenstadt. Von der Deutschen Gesellschaft f\u00fcr Allgemein- und Viszeralchirurgie als Kompetenzzentrum f\u00fcr Schilddr\u00fcsen- und Nebenschilddr\u00fcsenchirurgie zertifiziert.<\/li>\n<li>Agaplesion Elisabethenstift (Darmstadt). Von der Deutschen Gesellschaft f\u00fcr Allgemein- und Viszeralchirurgie als Kompetenzzentrum f\u00fcr Schilddr\u00fcsen- und Nebenschilddr\u00fcsenchirurgie zertifiziert.<\/li>\n<li>Diakonissenkrankenhaus (Mannheim). Von der Deutschen Gesellschaft f\u00fcr Allgemein- und Viszeralchirurgie als Kompetenzzentrum f\u00fcr Schilddr\u00fcsen- und Nebenschilddr\u00fcsenchirurgie zertifiziert.<\/li>\n<li style=\"list-style-type: none;\"><\/li>\n<\/ul>\n<h2><strong>Radioiodtherapiezentren<\/strong><\/h2>\n<ul>\n<li>Abteilung Nuklearmedizin, Universit\u00e4tsklinikum <a href=\"http:\/\/www.klinikum.uni-heidelberg.de\/\">Heidelberg<\/a><\/li>\n<li>Klinik f\u00fcr Nuklearmedizin, Universit\u00e4tsklinikum des Saarlandes (<a href=\"http:\/\/www.uks.eu\/de\/\">Homburg<\/a>)<\/li>\n<li>Nuklearmedizin, Klinikum Worms<\/li>\n<\/ul>\n<div style=\"background-color: #f0f0f0; padding: 20px; border-radius: 5px; margin-top: 40px;\">\n<h2>Informationen f\u00fcr Fach\u00e4rzt:innen im PLZ-Gebiet 6<\/h2>\n<p>Sie f\u00fchren eine Praxis oder Klinik mit Schilddr\u00fcsensprechstunde im Postleitzahlengebiet <b>6<\/b>? Dann haben Sie hier die M\u00f6glichkeit, gezielt Patient:innen aus Ihrer Region zu erreichen.<\/p>\n<h3>H\u00e4ufige Fragen (FAQ):<\/h3>\n<ul>\n<li><strong>Wie funktioniert der Eintrag?<\/strong><br \/>\nIch platziere Ihre Praxis gut sichtbar mit Logo, Kontaktdaten und Verlinkung auf dieser Seite.<\/li>\n<li><strong>Was kostet das?<\/strong><br \/>\nEin hervorgehobener Eintrag kostet einmalig 99,95 EUR.<\/li>\n<li><strong>Wie kann ich buchen?<\/strong><br \/>\nBitte nutzen Sie das Kontaktformular.<\/li>\n<li><strong>Wie schnell ist mein Eintrag online?<\/strong><br \/>\nIn der Regel innerhalb von 1\u20132 Werktagen nach Absprache und Datenfreigabe.<\/li>\n<\/ul>\n<p><span style=\"color: #008000;\"><strong>Jetzt Eintrag anfragen \u2192 <a style=\"color: #008000;\" href=\"https:\/\/schilddruesenguide.de\/thyreoiditis\/kontaktformular-fuer-eine-buchungsanfrage\/\">Kontaktformular<\/a><\/strong><\/span><\/p>\n<\/div>\n<hr \/>\n<p>Erstellt am 03. August 2025<\/p>\n","protected":false},"excerpt":{"rendered":"<p>Im Rhein-Main-Gebiet finden Sie viele Spezialpraxen und Kliniken f\u00fcr Schilddr\u00fcsenerkrankungen. Diese Seite hilft Ihnen dabei, fundierte medizinische Hilfe in Ihrer N\u00e4he zu finden \u2013 f\u00fcr Diagnostik, Therapiebegleitung oder Nachsorge. Schilddr\u00fcsenspezialisten Premium-Eintrag (entgeltlich) &nbsp; Schilddr\u00fcsensprechstunden Schilddr\u00fcsenzentren Schilddr\u00fcsenchirurgie Agaplesion Elisabethenstift (Darmstadt). Von der Deutschen Gesellschaft f\u00fcr Allgemein- und Viszeralchirurgie als Kompetenzzentrum f\u00fcr [&hellip;]<\/p>\n","protected":false},"author":1,"featured_media":0,"parent":0,"menu_order":0,"comment_status":"closed","ping_status":"closed","template":"","meta":{"_metis_text_type":"standard","_metis_text_length":2334,"_post_count":0,"footnotes":""},"class_list":["post-6466","page","type-page","status-publish","hentry"],"_links":{"self":[{"href":"https:\/\/schilddruesenguide.de\/thyreoiditis\/wp-json\/wp\/v2\/pages\/6466","targetHints":{"allow":["GET"]}}],"collection":[{"href":"https:\/\/schilddruesenguide.de\/thyreoiditis\/wp-json\/wp\/v2\/pages"}],"about":[{"href":"https:\/\/schilddruesenguide.de\/thyreoiditis\/wp-json\/wp\/v2\/types\/page"}],"author":[{"embeddable":true,"href":"https:\/\/schilddruesenguide.de\/thyreoiditis\/wp-json\/wp\/v2\/users\/1"}],"replies":[{"embeddable":true,"href":"https:\/\/schilddruesenguide.de\/thyreoiditis\/wp-json\/wp\/v2\/comments?post=6466"}],"version-history":[{"count":0,"href":"https:\/\/schilddruesenguide.de\/thyreoiditis\/wp-json\/wp\/v2\/pages\/6466\/revisions"}],"wp:attachment":[{"href":"https:\/\/schilddruesenguide.de\/thyreoiditis\/wp-json\/wp\/v2\/media?parent=6466"}],"curies":[{"name":"wp","href":"https:\/\/api.w.org\/{rel}","templated":true}]}}