{"id":4904,"date":"2018-11-20T12:55:47","date_gmt":"2018-11-20T11:55:47","guid":{"rendered":"http:\/\/schilddruesenguide.de\/thyreoiditis\/?page_id=4904"},"modified":"2025-07-27T07:22:33","modified_gmt":"2025-07-27T05:22:33","slug":"pressemitteilungen","status":"publish","type":"page","link":"https:\/\/schilddruesenguide.de\/thyreoiditis\/pressemitteilungen\/","title":{"rendered":"Pressemitteilungen"},"content":{"rendered":"<p>Abdruck kostenfrei erlaubt. Belegexemplar erbeten.<\/p>\n<h3>Schilddr\u00fcsenguide &#8211; Der unabh\u00e4ngige Internetwegweiser zu Erkrankungen der Schilddr\u00fcse<\/h3>\n<p>16.06.2025 \u2192\u00a0<a href=\"https:\/\/schilddruesenguide.de\/thyreoiditis\/pressemitteilung-die-unterschaetzte-druese-warum-die-schilddruese-mehr-aufmerksamkeit-verdient\/\">Die untersch\u00e4tzte Dr\u00fcse \u2013 Warum die Schilddr\u00fcse mehr Aufmerksamkeit verdient<\/a><\/p>\n<p>05.07.2023 \u2192 <a href=\"https:\/\/schilddruesenguide.de\/thyreoiditis\/pressemitteilung-trotz-schilddruesenkrankheit-entspannt-in-den-urlaub\/\">Trotz Schilddr\u00fcsenkrankheit entspannt in den Urlaub<\/a><\/p>\n<hr \/>\n<h3>Schilddr\u00fcsennetz Hannover<\/h3>\n<p>21.01.2010 \u2192 <a href=\"https:\/\/schilddruesenguide.de\/thyreoiditis\/presseinformation-schilddruesennetz-hannover-schon-500-hashimoto-thyreoiditis-patienten-haben-farbe-bekannt\/\">Schon 500 Hashimoto-Thyreoiditis-Patienten haben Farbe bekannt<\/a><\/p>\n<p>02.06.2009\u00a0\u2192\u00a0<a href=\"https:\/\/schilddruesenguide.de\/thyreoiditis\/presseinformation-schilddruesennetz-hannover-hashimoto-thyreoiditis-patienten-bekennen-farbe\/\">Hashimoto-Thyreoiditis-Patienten bekennen Farbe<\/a><\/p>\n<p>23.04.2009\u00a0\u2192\u00a0<a href=\"https:\/\/schilddruesenguide.de\/thyreoiditis\/presseinformation-schilddruesennetz-hannover-hinter-fruehjahrsmuedigkeit-verbirgt-sich-oft-eine-fehlfunktion-der-schilddruese\/\">Hinter Fr\u00fchjahrsm\u00fcdigkeit verbirgt sich oft eine Fehlfunktion der Schilddr\u00fcse<\/a><\/p>\n<p>13.05.2008 \u2192 <a href=\"https:\/\/schilddruesenguide.de\/thyreoiditis\/presseinformation-schilddruesennetz-hannover-medizinische-versorgung-schilddruesenkranker-patienten-unzureichend\/\">Medizinische Versorgung schilddr\u00fcsenkranker Patienten unzureichend<\/a><\/p>\n<p>24.11.2006\u00a0\u2192\u00a0<a href=\"https:\/\/schilddruesenguide.de\/thyreoiditis\/presseinformation-schilddruesennetz-hannover-hashimoto-thyreoiditis-ein-fehler-im-immunsystem-mit-schwerwiegenden-folgen-fuer-die-schilddruesenkranken-patienten\/\">Hashimoto-Thyreoiditis. Ein Fehler im Immunsystem mit schwerwiegenden Folgen f\u00fcr die schilddr\u00fcsenkranken Patienten.<\/a><\/p>\n<p>24.04.2006 \u2192 <a href=\"https:\/\/schilddruesenguide.de\/thyreoiditis\/presseinformation-schilddruesennetz-hannover-nicht-hinter-jedem-kropf-steckt-ein-jodmangel\/\">Nicht hinter jedem Kropf steckt ein Jodmangel !<\/a><\/p>\n<p>22.03.2006\u00a0\u2192\u00a0<a href=\"https:\/\/schilddruesenguide.de\/thyreoiditis\/presseinformation-schilddruesennetz-hannover-verkannt-und-verharmlost-die-autoimmunen-schilddruesenentzuendungen\/\">Verkannt und verharmlost \u2013 die autoimmunen Schilddr\u00fcsenentz\u00fcndungen<\/a><\/p>\n<p>12.12.2005\u00a0\u2192 <a href=\"https:\/\/schilddruesenguide.de\/thyreoiditis\/presseinformation-schilddruesennetz-hannover-schilddruesenspezialisten-und-schilddruesenkranke-patienten-erarbeiten-ehrenamtlich-gemeinsames-informationsangebot-im-internet\/\">Schilddr\u00fcsenspezialisten und schilddr\u00fcsenkranke Patienten erarbeiten ehrenamtlich gemeinsames Informationsangebot im Internet.<\/a><\/p>\n","protected":false},"excerpt":{"rendered":"<p>Abdruck kostenfrei erlaubt. Belegexemplar erbeten. Schilddr\u00fcsenguide &#8211; Der unabh\u00e4ngige Internetwegweiser zu Erkrankungen der Schilddr\u00fcse 16.06.2025 \u2192\u00a0Die untersch\u00e4tzte Dr\u00fcse \u2013 Warum die Schilddr\u00fcse mehr Aufmerksamkeit verdient 05.07.2023 \u2192 Trotz Schilddr\u00fcsenkrankheit entspannt in den Urlaub Schilddr\u00fcsennetz Hannover 21.01.2010 \u2192 Schon 500 Hashimoto-Thyreoiditis-Patienten haben Farbe bekannt 02.06.2009\u00a0\u2192\u00a0Hashimoto-Thyreoiditis-Patienten bekennen Farbe 23.04.2009\u00a0\u2192\u00a0Hinter Fr\u00fchjahrsm\u00fcdigkeit verbirgt sich [&hellip;]<\/p>\n","protected":false},"author":1,"featured_media":0,"parent":0,"menu_order":0,"comment_status":"closed","ping_status":"closed","template":"","meta":{"_metis_text_type":"standard","_metis_text_length":1042,"_post_count":0,"footnotes":""},"class_list":["post-4904","page","type-page","status-publish","hentry"],"_links":{"self":[{"href":"https:\/\/schilddruesenguide.de\/thyreoiditis\/wp-json\/wp\/v2\/pages\/4904","targetHints":{"allow":["GET"]}}],"collection":[{"href":"https:\/\/schilddruesenguide.de\/thyreoiditis\/wp-json\/wp\/v2\/pages"}],"about":[{"href":"https:\/\/schilddruesenguide.de\/thyreoiditis\/wp-json\/wp\/v2\/types\/page"}],"author":[{"embeddable":true,"href":"https:\/\/schilddruesenguide.de\/thyreoiditis\/wp-json\/wp\/v2\/users\/1"}],"replies":[{"embeddable":true,"href":"https:\/\/schilddruesenguide.de\/thyreoiditis\/wp-json\/wp\/v2\/comments?post=4904"}],"version-history":[{"count":0,"href":"https:\/\/schilddruesenguide.de\/thyreoiditis\/wp-json\/wp\/v2\/pages\/4904\/revisions"}],"wp:attachment":[{"href":"https:\/\/schilddruesenguide.de\/thyreoiditis\/wp-json\/wp\/v2\/media?parent=4904"}],"curies":[{"name":"wp","href":"https:\/\/api.w.org\/{rel}","templated":true}]}}