{"id":346,"date":"2015-09-01T16:04:36","date_gmt":"2015-09-01T14:04:36","guid":{"rendered":"http:\/\/schilddruesenguide.de\/thyreoiditis\/?page_id=346"},"modified":"2025-07-27T07:21:47","modified_gmt":"2025-07-27T05:21:47","slug":"o-wie-orbitopathie","status":"publish","type":"page","link":"https:\/\/schilddruesenguide.de\/thyreoiditis\/o-wie-orbitopathie\/","title":{"rendered":"O wie Orbitopathie"},"content":{"rendered":"<p><strong>o.B.: <\/strong>= ohne Befund<\/p>\n<p><strong>Ohne Schilddr\u00fcse leben e.V.: <\/strong>Ein als gemeinn\u00fctzig anerkannter Verein der Schilddr\u00fcsenselbsthilfe. Seit 1999 setzen sich seine rund 250 Mitglieder insbesondere f\u00fcr die Belange von PatientInnen mit Schilddr\u00fcsenkrebs ein.<\/p>\n<p><strong>Off-Label-Use: <\/strong>engl. zulassungs\u00fcberschreitende Anwendung. Einsatz eines Medikaments f\u00fcr die Behandlung einer Krankheit f\u00fcr die es nicht zugelassen ist.<\/p>\n<p><strong>Olivari-Methode: <\/strong>Auch: Transpalpebrale Orbitadekompression. Operative Fettgewebsresektion bei der Endokrinen Orbitopathie. \u2192 <a href=\"https:\/\/schilddruesenguide.de\/thyreoiditis\/transpalpebrale-orbitadekompression-durch-fettentfernung-bei-endokriner-orbitopathie\/\">Olivari-Methode<\/a><\/p>\n<p><strong>OLU: <\/strong>engl. Off-Label-Use (zulassungs\u00fcberschreitende Anwendung). Die Verordnung eines zugelassenen Medikaments au\u00dferhalb des eigentlichen Anwendungsgebietes.<\/p>\n<p><strong>Omega-3-Fetts\u00e4uren: <\/strong>Zu den Omega-3-Fetts\u00e4uren z\u00e4hlen die Alpha-Linolens\u00e4ure sowie deren Abk\u00f6mmlinge (Derivate) Eicosapentaens\u00e4ure und Docosahexaens\u00e4ure. Omega-3-Fetts\u00e4uren haben ausgepr\u00e4gte entz\u00fcndungshemmende Eigenschaften, welche inzwischen auch durch einige wissenschaftliche Studien belegt wurden. Au\u00dferdem k\u00f6nnen sie bei regelm\u00e4\u00dfiger Einnahme nachweislich das Risiko von Herz-Kreislauf-Erkrankungen vermindern. \u2192 <a href=\"https:\/\/schilddruesenguide.de\/thyreoiditis\/omega-3-fettsaeuren\/\">Omega-3-Fetts\u00e4uren<\/a><\/p>\n<p><strong>OMIT<\/strong>: <span class=\"st\">Offen minimal invasive Thyreoidektomie<\/span><\/p>\n<p><strong>Onkologie: <\/strong>Gebiet der inneren Medizin, in welchem es um die Pr\u00e4vention, Diagnostik und Therapie von Krebserkrankungen geht.<\/p>\n<p><strong>Operation: <\/strong>Ein chirurgischer Eingriff in den menschlichen K\u00f6rper.<\/p>\n<p><strong>Orbitopathie: <\/strong>Erkrankung des Auges. Beispiel: Endokrine Orbitopathie beim Morbus Basedow. \u2192 <a href=\"https:\/\/schilddruesenguide.de\/thyreoiditis\/tag\/endokrine-orbitopathie\/\">Endokrine Orbitopathie<\/a><\/p>\n<p><strong>Ord-Thyreoiditis: <\/strong>Andere Bezeichnung f\u00fcr atrophe Autoimmunthyreoiditis.<\/p>\n<p><strong>Ord, William Miller: <\/strong>William Miller Ord (1834 \u2013 1902, englischer Chirurg) beschreibt 1877 die nach ihm benannte Ord-Thyreoiditis. Dabei handelt es sich um eine Autoimmunthyreoiditis, die mit einer Verkleinerung der Schilddr\u00fcse einhergeht und zu einer Hypothyreose f\u00fchrt.<\/p>\n<p><strong>orthotop: <\/strong>anatomische Lagebezeichnung: am richtigen Ort gelegen<\/p>\n<p><strong>Oss\u00e4re Dekompression: <\/strong>auch: Knochenbrecher-Methode. Operative Er\u00f6ffnung der kn\u00f6chernden Orbitaw\u00e4nde bei der Endokrinen Orbitopathie. \u2192 <a href=\"https:\/\/schilddruesenguide.de\/thyreoiditis\/ossaere-dekompression-bei-der-endokrinen-orbitopathie\/\">Oss\u00e4re Dekompression<\/a><\/p>\n<p><strong>Oss\u00e4re Metastase: <\/strong>auch: Knochenmetastase. Durch Streuung des Schilddr\u00fcsenkrebses entstandene b\u00f6sartige Knochentumoren.<\/p>\n<p><strong>Osteoporose: <\/strong>auch: Knochenschwund. Die Osteoporose ist gekennzeichnet durch eine Abnahme der Knochendichte mit zunehmender Br\u00fcchigkeit der Knochen. Eine Schilddr\u00fcsen\u00fcberfunktion gilt als einer der Risikofaktoren f\u00fcr die Entwicklung einer Osteoporose.<\/p>\n<p><strong>OTC: <\/strong>= engl. over the counter (\u00fcber die Ladentheke). Bezeichnung f\u00fcr apothekenpflichtige, aber nicht verschreibungspflichtige Medikamente.<\/p>\n<hr \/>\n<p>Letzte Aktualisierung: 09. Januar 2024<\/p>\n","protected":false},"excerpt":{"rendered":"<p>o.B.: = ohne Befund Ohne Schilddr\u00fcse leben e.V.: Ein als gemeinn\u00fctzig anerkannter Verein der Schilddr\u00fcsenselbsthilfe. Seit 1999 setzen sich seine rund 250 Mitglieder insbesondere f\u00fcr die Belange von PatientInnen mit Schilddr\u00fcsenkrebs ein. Off-Label-Use: engl. zulassungs\u00fcberschreitende Anwendung. Einsatz eines Medikaments f\u00fcr die Behandlung einer Krankheit f\u00fcr die es nicht zugelassen ist. [&hellip;]<\/p>\n","protected":false},"author":1,"featured_media":0,"parent":0,"menu_order":0,"comment_status":"closed","ping_status":"closed","template":"","meta":{"_metis_text_type":"standard","_metis_text_length":2586,"_post_count":0,"footnotes":""},"class_list":["post-346","page","type-page","status-publish","hentry"],"_links":{"self":[{"href":"https:\/\/schilddruesenguide.de\/thyreoiditis\/wp-json\/wp\/v2\/pages\/346","targetHints":{"allow":["GET"]}}],"collection":[{"href":"https:\/\/schilddruesenguide.de\/thyreoiditis\/wp-json\/wp\/v2\/pages"}],"about":[{"href":"https:\/\/schilddruesenguide.de\/thyreoiditis\/wp-json\/wp\/v2\/types\/page"}],"author":[{"embeddable":true,"href":"https:\/\/schilddruesenguide.de\/thyreoiditis\/wp-json\/wp\/v2\/users\/1"}],"replies":[{"embeddable":true,"href":"https:\/\/schilddruesenguide.de\/thyreoiditis\/wp-json\/wp\/v2\/comments?post=346"}],"version-history":[{"count":0,"href":"https:\/\/schilddruesenguide.de\/thyreoiditis\/wp-json\/wp\/v2\/pages\/346\/revisions"}],"wp:attachment":[{"href":"https:\/\/schilddruesenguide.de\/thyreoiditis\/wp-json\/wp\/v2\/media?parent=346"}],"curies":[{"name":"wp","href":"https:\/\/api.w.org\/{rel}","templated":true}]}}