{"id":324,"date":"2015-09-01T13:20:52","date_gmt":"2015-09-01T11:20:52","guid":{"rendered":"http:\/\/schilddruesenguide.de\/thyreoiditis\/?page_id=324"},"modified":"2025-07-27T07:13:10","modified_gmt":"2025-07-27T05:13:10","slug":"c-wie-cortisol","status":"publish","type":"page","link":"https:\/\/schilddruesenguide.de\/thyreoiditis\/c-wie-cortisol\/","title":{"rendered":"C wie Cortisol"},"content":{"rendered":"<p><strong>C73: <\/strong>b\u00f6sartige Neubildung der Schilddr\u00fcse<\/p>\n<p><strong>Calcitonin: <\/strong>In den C-Zellen der Schilddr\u00fcse hergestelltes Hormon. Beim medull\u00e4ren Schilddr\u00fcsenkarzinom ist das Calcitonin oft erh\u00f6ht.<\/p>\n<p><strong>Calcium: <\/strong>Mineralstoff welcher f\u00fcr die Stabilit\u00e4t von Knochen und Z\u00e4hnen wichtig ist.<\/p>\n<p><strong>Caprelsa\u00ae: <\/strong>Verschreibungspflichtiges Medikament f\u00fcr die Behandlung des medull\u00e4ren Schilddr\u00fcsenkrebses. Wirkstoff: Vandetanib. \u2192 <a href=\"https:\/\/schilddruesenguide.de\/thyreoiditis\/tag\/vandetanib\/\">Caprelsa<\/a><\/p>\n<p><strong>Carbimazol\u00ae: <\/strong>Verschreibungspflichtiges Medikament (Schilddr\u00fcsenblocker, Thyreostatikum) welches bei einer Schilddr\u00fcsen\u00fcberfunktion eingesetzt wird.<\/p>\n<p><strong>cervical: <\/strong>anatomische Lagebezeichnung: zum Hals geh\u00f6rend<\/p>\n<p><strong>Chemotherapie: <\/strong>Medikament\u00f6se Behandlung von Krebserkrankungen mit Zytostatika.<\/p>\n<p><strong>Cholesterin: <\/strong>Blutfettwert. Vorstufe bestimmter Hormone und Gallens\u00e4uren. Bei Schilddr\u00fcsenunterfunktion oft erh\u00f6ht.<\/p>\n<p><strong>Chronic Fatigue Syndrom: <\/strong>auch: Chronisches Ersch\u00f6pfungs- oder M\u00fcdigkeitssyndrom<\/p>\n<p><strong>Chronische Erkrankung: <\/strong>Lang anhaltende, dauerhaft w\u00e4hrende, nicht heilbare Erkrankung.<\/p>\n<p><strong>Chroniker-Regelung: <\/strong>F\u00fcr gesetzlich Krankenversicherte betr\u00e4gt die maximal pro Jahr zu leistende Zuzahlung 2 Prozent des Haushaltsbruttoeinkommens. Chronisch Kranke m\u00fcssen nur 1 Prozent Zuzahlung leisten, wenn der Hausarzt die chronische Erkrankung entsprechend bescheinigt.<\/p>\n<p><strong>Coenzym Q10: <\/strong>Es handelt sich dabei um eine k\u00f6rpereigene, vitamin\u00e4hnliche Substanz, die in Verbindung mit Eiwei\u00dfmolek\u00fclen eine enzym\u00e4hnliche Wirkung hat. In neueren wissenschaftlichen Studien nachgewiesen wurden die positiven Eigenschaften von Coenzym Q 10 in Bezug auf das Immunsystem. Die Einnahme von Coenzym Q 10 st\u00e4rkt das Immunsystem, indem es als Antioxidans wirkt. Aufgrund dieser antioxidativen Wirkung macht sein Einsatz auch bei der Hashimoto-Thyreoiditis Sinn, die, wie bereits beschrieben, durch freie Radikale getriggert wird. \u2192 <a href=\"https:\/\/schilddruesenguide.de\/thyreoiditis\/coenzym-q-10-ubichinon\/\">Q10<\/a><\/p>\n<p><strong>Compassionate Use: <\/strong>auch: Anwendung aus Mitgef\u00fchl, individueller Heilversuch. Der Einsatz von noch nicht zugelassenen Medikamenten bei schwerkranken Patienten denen mit anderen Therapien nicht geholfen werden kann.<\/p>\n<p><strong>Compliance: <\/strong>Die Einhaltung von Verhaltensma\u00dfregeln (z.B. regelm\u00e4ssige Medikamenteneinnahme) durch Patienten.<\/p>\n<p><strong>Computertomografie: <\/strong>Ein in der Medizin angewandtes bildgebendes Verfahren.<\/p>\n<p><strong>Cortisol: <\/strong>auch: Hydrocortison. In der Nebennierenrinde gebildetes Hormon, welches immunsuppressiv wirkt.<\/p>\n<p><strong>Courtois, Bernard: <\/strong>Ein franz\u00f6sischer Salpetersieder, der 1811 das Iod bei der Untersuchung von Seetang\/Braunalgen entdeckt.. Der englische Chemiker Humpry Davy (1778 \u2013 1829) und Joseph Louis Gay-Lussac (1778 \u2013 1850, franz\u00f6sischer Chemiker) benennen es einige Jahre sp\u00e4ter nach dem griechischen Wort ioeides (= violett), weil bei dem Versetzen mit Schwefels\u00e4ure violette D\u00e4mpfe entstehen.<\/p>\n<p><strong>CR: <\/strong>engl. complete remission. Vollremission, d.h. vollst\u00e4ndiger R\u00fcckgang der Krankheit.<\/p>\n<p><strong>CT3M<\/strong>: Circadian T3 Method \u2192 <a href=\"https:\/\/schilddruesenguide.de\/thyreoiditis\/kurz-erklaert-was-ist-ct3m\/\">CT3M<\/a><\/p>\n<p><strong>CUP-Syndrom: <\/strong>engl. cancer of unknown primary = Krebs bei unbekanntem Prim\u00e4rtumor<\/p>\n<p><strong>C-Zell-Karzinom: <\/strong>Synonym Medull\u00e4res Schilddr\u00fcsenkarzinom, von den C-Zellen ausgehende Form von Schilddr\u00fcsenkrebs<\/p>\n<hr \/>\n<p>Letzte Aktualisierung: 09. Januar 2024<\/p>\n","protected":false},"excerpt":{"rendered":"<p>C73: b\u00f6sartige Neubildung der Schilddr\u00fcse Calcitonin: In den C-Zellen der Schilddr\u00fcse hergestelltes Hormon. Beim medull\u00e4ren Schilddr\u00fcsenkarzinom ist das Calcitonin oft erh\u00f6ht. Calcium: Mineralstoff welcher f\u00fcr die Stabilit\u00e4t von Knochen und Z\u00e4hnen wichtig ist. Caprelsa\u00ae: Verschreibungspflichtiges Medikament f\u00fcr die Behandlung des medull\u00e4ren Schilddr\u00fcsenkrebses. Wirkstoff: Vandetanib. \u2192 Caprelsa Carbimazol\u00ae: Verschreibungspflichtiges Medikament (Schilddr\u00fcsenblocker, [&hellip;]<\/p>\n","protected":false},"author":1,"featured_media":0,"parent":0,"menu_order":0,"comment_status":"closed","ping_status":"closed","template":"","meta":{"_metis_text_type":"standard","_metis_text_length":3028,"_post_count":0,"footnotes":""},"class_list":["post-324","page","type-page","status-publish","hentry"],"_links":{"self":[{"href":"https:\/\/schilddruesenguide.de\/thyreoiditis\/wp-json\/wp\/v2\/pages\/324","targetHints":{"allow":["GET"]}}],"collection":[{"href":"https:\/\/schilddruesenguide.de\/thyreoiditis\/wp-json\/wp\/v2\/pages"}],"about":[{"href":"https:\/\/schilddruesenguide.de\/thyreoiditis\/wp-json\/wp\/v2\/types\/page"}],"author":[{"embeddable":true,"href":"https:\/\/schilddruesenguide.de\/thyreoiditis\/wp-json\/wp\/v2\/users\/1"}],"replies":[{"embeddable":true,"href":"https:\/\/schilddruesenguide.de\/thyreoiditis\/wp-json\/wp\/v2\/comments?post=324"}],"version-history":[{"count":0,"href":"https:\/\/schilddruesenguide.de\/thyreoiditis\/wp-json\/wp\/v2\/pages\/324\/revisions"}],"wp:attachment":[{"href":"https:\/\/schilddruesenguide.de\/thyreoiditis\/wp-json\/wp\/v2\/media?parent=324"}],"curies":[{"name":"wp","href":"https:\/\/api.w.org\/{rel}","templated":true}]}}