{"id":16362,"date":"2025-06-16T11:28:36","date_gmt":"2025-06-16T09:28:36","guid":{"rendered":"https:\/\/schilddruesenguide.de\/thyreoiditis\/?page_id=16362"},"modified":"2025-06-16T13:48:56","modified_gmt":"2025-06-16T11:48:56","slug":"schilddruesenguide-das-original-%f0%9f%a6%8b-dein-kostenloses-ebook","status":"publish","type":"page","link":"https:\/\/schilddruesenguide.de\/thyreoiditis\/schilddruesenguide-das-original-%f0%9f%a6%8b-dein-kostenloses-ebook\/","title":{"rendered":"Schilddr\u00fcsenguide &#8211; das Original &#x1f98b;. Dein kostenloses eBook!"},"content":{"rendered":"<div style=\"background-color: #f0f0f0; border: 1px solid #ccc; padding: 1.5em; border-radius: 6px; text-align: center; max-width: 650px; margin: 2em auto; font-size: 1em; color: #3a3a3a;\">\n<h2 style=\"margin-top: 0;\">Jetzt kostenlos herunterladen:<\/h2>\n<p><strong>Schilddr\u00fcsenguide \u2013 Das Original &#x1f98b;: Diagnose Hashimoto-Thyreoiditis &#8230; das solltest Du wissen!<\/strong> ist ein kompakter Ratgeber f\u00fcr alle, die die Hashimoto-Thyreoiditis besser verstehen und aktiv damit leben m\u00f6chten. Auf 26 Seiten erf\u00e4hrst du, was wirklich wichtig ist \u2013 verst\u00e4ndlich, aktuell und praxisnah.<\/p>\n<p style=\"margin: 1em 0 0.5em;\"><strong>Aus dem Inhalt:<\/strong><\/p>\n<ul style=\"text-align: left; display: inline-block; margin: 0 auto 1em; padding-left: 1em; line-height: 1.6;\">\n<li><strong>Hashimoto-Thyreoiditis:<\/strong> Was ist das f\u00fcr eine Erkrankung?<\/li>\n<li><strong>Schilddr\u00fcsendiagnostik:<\/strong> Welche Untersuchungen sind notwendig?<\/li>\n<li><strong>Schilddr\u00fcsenhormontherapie:<\/strong> Worauf muss man achten?<\/li>\n<li><strong>Leben mit Hashimoto:<\/strong> Was kann man selbst tun?<\/li>\n<li><strong>Literatur &amp; Links:<\/strong> Wo gibt es weiterf\u00fchrende Informationen?<\/li>\n<\/ul>\n<p><a style=\"display: inline-block; background-color: #9acd32; color: #fff; padding: 0.75em 1.5em; border-radius: 4px; text-decoration: none; font-weight: bold;\" href=\"https:\/\/schilddruesenguide.de\/thyreoiditis\/wp-content\/uploads\/2025\/06\/Schilddruesenguide-das-Original-2025-kostenloses-eBook.pdf\" download=\"\"><br \/>\nPDF jetzt herunterladen<br \/>\n<\/a><\/p>\n<\/div>\n<div style=\"background-color: #f0f0f0; border: 1px solid #ccc; padding: 0.2em 1em; border-radius: 4px; max-width: 100%; margin: 1.5em auto; font-size: 1.0em; color: #2e5e2e; text-align: center;\">\n<p style=\"margin: 0;\"><strong><br \/>\n<a style=\"color: #9acd32; text-decoration: underline;\" href=\"https:\/\/schilddruesenguide.de\/thyreoiditis\/schilddruesenguide-das-original%f0%9f%a6%8b\/\"><br \/>\nZur\u00fcck zur Startseite: Schilddr\u00fcsenguide \u2013 Das Original &#x1f98b;<br \/>\n<\/a><br \/>\n<\/strong><\/p>\n<\/div>\n","protected":false},"excerpt":{"rendered":"<p>Jetzt kostenlos herunterladen: Schilddr\u00fcsenguide \u2013 Das Original &#x1f98b;: Diagnose Hashimoto-Thyreoiditis &#8230; das solltest Du wissen! ist ein kompakter Ratgeber f\u00fcr alle, die die Hashimoto-Thyreoiditis besser verstehen und aktiv damit leben m\u00f6chten. Auf 26 Seiten erf\u00e4hrst du, was wirklich wichtig ist \u2013 verst\u00e4ndlich, aktuell und praxisnah. Aus dem Inhalt: Hashimoto-Thyreoiditis: Was [&hellip;]<\/p>\n","protected":false},"author":1,"featured_media":0,"parent":0,"menu_order":0,"comment_status":"closed","ping_status":"closed","template":"","meta":{"_metis_text_type":"standard","_metis_text_length":732,"_post_count":0,"footnotes":""},"class_list":["post-16362","page","type-page","status-publish","hentry"],"_links":{"self":[{"href":"https:\/\/schilddruesenguide.de\/thyreoiditis\/wp-json\/wp\/v2\/pages\/16362","targetHints":{"allow":["GET"]}}],"collection":[{"href":"https:\/\/schilddruesenguide.de\/thyreoiditis\/wp-json\/wp\/v2\/pages"}],"about":[{"href":"https:\/\/schilddruesenguide.de\/thyreoiditis\/wp-json\/wp\/v2\/types\/page"}],"author":[{"embeddable":true,"href":"https:\/\/schilddruesenguide.de\/thyreoiditis\/wp-json\/wp\/v2\/users\/1"}],"replies":[{"embeddable":true,"href":"https:\/\/schilddruesenguide.de\/thyreoiditis\/wp-json\/wp\/v2\/comments?post=16362"}],"version-history":[{"count":0,"href":"https:\/\/schilddruesenguide.de\/thyreoiditis\/wp-json\/wp\/v2\/pages\/16362\/revisions"}],"wp:attachment":[{"href":"https:\/\/schilddruesenguide.de\/thyreoiditis\/wp-json\/wp\/v2\/media?parent=16362"}],"curies":[{"name":"wp","href":"https:\/\/api.w.org\/{rel}","templated":true}]}}