{"id":13138,"date":"2024-01-07T10:11:15","date_gmt":"2024-01-07T09:11:15","guid":{"rendered":"https:\/\/schilddruesenguide.de\/thyreoiditis\/?page_id=13138"},"modified":"2025-07-10T15:28:06","modified_gmt":"2025-07-10T13:28:06","slug":"e-paper-reihe-schilddruesenguide","status":"publish","type":"page","link":"https:\/\/schilddruesenguide.de\/thyreoiditis\/e-paper-reihe-schilddruesenguide\/","title":{"rendered":"E-Paper-Reihe &#8222;Schilddr\u00fcsenguide&#8220;"},"content":{"rendered":"<p>Vielleicht geht es Ihnen wie mir? Sie st\u00f6bern im Online-Buchhandel und entdecken dort eine spannende Neuerscheinung zum Thema Schilddr\u00fcse oder Hashimoto-Thyreoiditis. Aber bereits beim Blick ins Inhaltsverzeichnis wird klar, dass Sie einen Gro\u00dfteil der Inhalte schon kennen. Erst weiter hinten gibt es ein Kapitel, welches Sie interessieren w\u00fcrde. Aber deshalb gleich das ganze Buch kaufen?<\/p>\n<p>Hier setzt die neue E-Paper-Reihe vom Schilddr\u00fcsenguide an. Sie bietet laienverst\u00e4ndliches, tiefergehendes Schilddr\u00fcsenwissen f\u00fcr alle, die sich mit den Grundlagen zur Schilddr\u00fcse und ihren Erkrankungen bereits ausf\u00fchrlich auseinandergesetzt haben, aber zu einzelnen Aspekten gerne noch mehr erfahren m\u00f6chten.<\/p>\n<p>Ab 2024 werden unter dem Titel &#8222;<strong>Schilddr\u00fcsenguide<\/strong>&#8220; nach und nach ausf\u00fchrliche Artikel ver\u00f6ffentlicht, die sich jeweils nur einem spannenden Einzelthema widmen.<\/p>\n<p><img loading=\"lazy\" decoding=\"async\" class=\"size-full wp-image-12963 alignleft\" src=\"https:\/\/schilddruesenguide.de\/thyreoiditis\/wp-content\/uploads\/2023\/12\/SDG-Schilddruese-Soja.jpg\" alt=\"\" width=\"116\" height=\"184\" \/>Die erste Folge &#8222;<strong>Schilddr\u00fcse und Soja<\/strong>&#8220; ist seit dem 02. Januar 2024 online.<\/p>\n<p>Soja, genauer gesagt geht es um die darin enthaltenen Soja-Isoflavone, soll sch\u00e4dliche Auswirkungen auf die Schilddr\u00fcse haben und die Schilddr\u00fcsenfunktion beeintr\u00e4chtigen k\u00f6nnen. Deswegen verzichten etliche Schilddr\u00fcsenpatientInnen auf den Verzehr von Sojaprodukten. Aber was ist da wirklich dran, wenn man genauer hinschaut? Wer sollte Soja meiden? Und warum?<\/p>\n<p>&nbsp;<\/p>\n<p>Hinweis: Die E-Paper-Reihe &#8222;Schilddr\u00fcsenguide&#8220; steht ab sofort nur noch Mitgliedern der <a href=\"https:\/\/schilddruesenguide.de\/thyreoiditis\/sdg-community\/\">SDG&#x2764;&#xfe0f;Community<\/a> zur Verf\u00fcgung.<\/p>\n<hr \/>\n<p>Letzte Aktualisierung: 06. M\u00e4rz 2024<\/p>\n","protected":false},"excerpt":{"rendered":"<p>Vielleicht geht es Ihnen wie mir? Sie st\u00f6bern im Online-Buchhandel und entdecken dort eine spannende Neuerscheinung zum Thema Schilddr\u00fcse oder Hashimoto-Thyreoiditis. Aber bereits beim Blick ins Inhaltsverzeichnis wird klar, dass Sie einen Gro\u00dfteil der Inhalte schon kennen. Erst weiter hinten gibt es ein Kapitel, welches Sie interessieren w\u00fcrde. Aber deshalb [&hellip;]<\/p>\n","protected":false},"author":1,"featured_media":0,"parent":0,"menu_order":0,"comment_status":"closed","ping_status":"closed","template":"","meta":{"_metis_text_type":"standard","_metis_text_length":1509,"_post_count":0,"footnotes":""},"class_list":["post-13138","page","type-page","status-publish","hentry"],"_links":{"self":[{"href":"https:\/\/schilddruesenguide.de\/thyreoiditis\/wp-json\/wp\/v2\/pages\/13138","targetHints":{"allow":["GET"]}}],"collection":[{"href":"https:\/\/schilddruesenguide.de\/thyreoiditis\/wp-json\/wp\/v2\/pages"}],"about":[{"href":"https:\/\/schilddruesenguide.de\/thyreoiditis\/wp-json\/wp\/v2\/types\/page"}],"author":[{"embeddable":true,"href":"https:\/\/schilddruesenguide.de\/thyreoiditis\/wp-json\/wp\/v2\/users\/1"}],"replies":[{"embeddable":true,"href":"https:\/\/schilddruesenguide.de\/thyreoiditis\/wp-json\/wp\/v2\/comments?post=13138"}],"version-history":[{"count":0,"href":"https:\/\/schilddruesenguide.de\/thyreoiditis\/wp-json\/wp\/v2\/pages\/13138\/revisions"}],"wp:attachment":[{"href":"https:\/\/schilddruesenguide.de\/thyreoiditis\/wp-json\/wp\/v2\/media?parent=13138"}],"curies":[{"name":"wp","href":"https:\/\/api.w.org\/{rel}","templated":true}]}}